3*q - 1. Let p be b(1). What are the prime factors of h(p)?
2, 89
Suppose 2*x - 11 + 91 = 0. Let b = x + 117. List the prime factors of b.
7, 11
Let f(d) = -6 + 4 + 4 + 3*d. Let x be f(12). Let z = -13 + x. What are the prime factors of z?
5
Let p = 51 + -1. What are the prime factors of p?
2, 5
List the prime factors of 77/(-44)*-1244 - 12.
5, 433
Suppose 118 - 43 = 5*l. Let j = 213 + l. List the prime factors of 4/(-14) + j/14.
2
Let k(f) = f - 1. Let p(g) = g**3 - g**2 - 4*g + 25. Let x(v) = 5*k(v) + p(v). What are the prime factors of x(0)?
2, 5
Suppose 25*l + 528 = 27*l. List the prime factors of l.
2, 3, 11
Suppose -3*c - 2*f + 118 = c, 0 = -3*c - 4*f + 91. Suppose -k + 72 = c. What are the prime factors of k?
43
Let u(v) = 53*v - 58. List the prime factors of u(16).
2, 5, 79
Suppose -g - 675 = 4*g. What are the prime factors of g/6*(-4)/5?
2, 3
Let a(x) = -5*x. Suppose -2*p + 12 = 2*p + 4*h, 0 = p + 4*h. Suppose -6*b + b + 10 = 0, 3*w = p*b - 17. List the prime factors of a(w).
3, 5
Let n(y) = 17*y**2 + y - 1. Let m be n(-2). Suppose 5*o = 10*o - m. What are the prime factors of ((-312)/o)/(6/(-8))?
2
Suppose -2*i - 4*a - 41 = -1239, 5*i - 5*a - 2995 = 0. List the prime factors of i.
599
Suppose -2*b + l + 3 = 0, 3*b + 4*l - 29 - 3 = 0. Suppose -20 = -o - b*o. List the prime factors of -2 - (o/2 - 45).
41
Suppose 5*m - 9 = 2*j + 2*j, -12 = 2*j - 4*m. List the prime factors of 5328/(-54)*(-6)/j.
2, 37
Let x(u) = -6*u + 11. Let j(w) = 17*w - 33. Let i(y) = 4*j(y) + 11*x(y). List the prime factors of i(20).
29
Let s(i) = i + 118. List the prime factors of s(-7).
3, 37
Suppose 0 = 5*x + 2*a + 14, 0 = -4*x + a - 19. What are the prime factors of 16*(5 + x) - -4?
2, 5
Let y = -6 + 9. Suppose -5*l - 2*i = -28, -l + i - 11 = -y*l. List the prime factors of l.
2, 3
Suppose -9*h + 4 = -8*h. Let d(j) = 3*j**2 - 14*j - 1. Let y(a) = a**2 - 5*a. Let v(z) = h*d(z) - 11*y(z). What are the prime factors of v(3)?
2
Let a(v) = -3*v**3 + 10*v**2 - 2*v + 2. List the prime factors of a(-7).
5, 307
Let b be 10/2 + 2 + -8. What are the prime factors of b + 11/33 + (-20)/(-3)?
2, 3
Let l = -26 - -23. Let k be (-10)/(l - 128/(-44)). Let z = -75 + k. List the prime factors of z.
5, 7
Let k(v) = -v**3 + 14*v**2 + 2*v + 16. Suppose 0 = -3*b + 3*x + 57, 4*b + 5*x = 5*b - 39. List the prime factors of k(b).
2, 11
Let p(x) = 2*x**2 + 3*x - 2. Let f be p(3). Let r = -20 + f. Suppose 0 = 3*c + r*v + 4, c + 3*v = 5*c - 43. What are the prime factors of c?
7
Let y(j) be the third derivative of j**6/120 - j**5/10 - j**4/3 + j**3 + j**2. Let c be y(7). List the prime factors of 20 - 0*c/(-4).
2, 5
Suppose -4*m - 4*j + 4 = 0, -2*j = -4*m - 0*j + 22. Suppose m*w + 0 = 12. Suppose w*p - 2*s = 142, 0*p + 4*s - 130 = -3*p. List the prime factors of p.
2, 23
Suppose -5*j + 5*m + 10705 = -285, 0 = 4*j + 3*m - 8806. What are the prime factors of j?
2, 5, 11
Let r(l) be the third derivative of 0*l + 1/12*l**4 + 0 - 6*l**2 + 1/60*l**5 + 0*l**3. List the prime factors of r(-7).
5, 7
Let n = -22 - -32. Suppose -n*c - 190 = -850. List the prime factors of c.
2, 3, 11
Let r = 464 - -2520. What are the prime factors of r?
2, 373
Suppose -4*v + 5*o + 17753 = 0, -22512 + 4729 = -4*v - 5*o. List the prime factors of v.
2, 2221
Suppose 5 = -4*p + 13. Suppose -p*j = -16 - 24. Suppose 0 = 3*m + 4*o - 97, 0 = -m - 3*o + 4 + j. List the prime factors of m.
3, 13
Let n be 1/((1 + 0)/(-1) + 0). List the prime factors of n/((7/14)/((-3)/2)).
3
Suppose -107 = -v + 3*z + 85, z + 724 = 4*v. Suppose 0 = -b + 2*i + 45, 4*b - v = 2*i - 4*i. List the prime factors of b.
3, 5
Let k(m) = -13*m. Suppose -5*l + 0 + 6 = -3*b, -15 = -2*b - 3*l. Let d = b - 4. List the prime factors of k(d).
13
Let j(g) = -158*g - 3. Let r be j(1). Let n = -108 - r. List the prime factors of n.
53
Suppose 37*b = 4*b + 19701. List the prime factors of b.
3, 199
List the prime factors of (-18584)/(-14) + (-148)/(-259).
2, 83
Let o = -2203 - -3185. List the prime factors of o.
2, 491
Suppose 0 = -2*t + 8, -6*b + 3*t - 858 = -3*b. Let k = 450 + b. What are the prime factors of k?
2, 3, 7
Suppose 5*i = -5*r + 10 + 85, 2*i - 4*r = 50. Suppose 14 = 4*b - 42. What are the prime factors of b/3*108/i?
2, 3
Let x(h) be the first derivative of -h**4/4 - 7*h**3/3 + 9*h**2/2 + 17*h - 6. What are the prime factors of x(-9)?
2, 7
Suppose 0*q = q - 5. Let f(i) = -i**2 - 31*i + 16. Let p be f(-24). Suppose 1 + p = q*t. List the prime factors of t.
37
What are the prime factors of 216*(90/(-8))/(-9)?
2, 3, 5
Let n(m) = m**2 + m - 8. Let x(f) = -f**3 + 5*f**2 + 3. Let t be x(5). Let d be n(t). Suppose -d*c = 0, -4*k + c - 1 = -33. List the prime factors of k.
2
Let m = 4 - 3. Let u be (m/2)/((-13)/78). List the prime factors of ((-12)/u + 29)*1.
3, 11
Let c = 1456 + -946. What are the prime factors of c?
2, 3, 5, 17
Let h(f) be the second derivative of -10*f**3/3 - 4*f**2 - f. List the prime factors of h(-3).
2, 13
Suppose -5*g + 156 + 369 = 0. Let f = g - -149. List the prime factors of f.
2, 127
Let f(l) = 11*l**2 + 45*l + 257. What are the prime factors of f(-24)?
37, 149
Suppose 3952 = 19*v - 11*v. What are the prime factors of v?
2, 13, 19
Let f = -197 + 420. List the prime factors of f.
223
Let r(s) = -s + 86. List the prime factors of r(-9).
5, 19
List the prime factors of (-3)/9 + (26116/12 - 1).
3, 5, 29
Let l be ((-7)/3)/((-4)/60). Suppose l = -5*c - 5*b, -4*c + 0 = b + 31. Let h = -6 - c. List the prime factors of h.
2
Let x = -39 - -829. List the prime factors of x.
2, 5, 79
Let o be (-6)/9 - (-6)/9. Suppose o = -4*d - y - 29 + 229, -2*y = -4*d + 188. What are the prime factors of d?
7
Suppose -39*n - 14712 = -63*n. What are the prime factors of n?
613
Let h = -50 - -80. Let d(g) = g - 8. Let t be d(5). Let w = h + t. What are the prime factors of w?
3
Suppose -a - d = 3*a - 6, -3*d - 6 = 0. Suppose 0 = 4*h + a*h - 378. What are the prime factors of h?
3, 7
Let p(i) = i**3 - 13*i**2 + i - 12. Let f be p(13). Let u be -1 - 1 - (f - 8). What are the prime factors of (-18)/(-105)*u*49?
2, 3, 7
Let c = 15 - 34. Let w = c + 10. Let b = 16 + w. What are the prime factors of b?
7
Let w(b) = 6*b**2 - 3*b. Let q(x) = -x**3 - 11*x**2 + 12*x - 3. Let m be q(-12). What are the prime factors of w(m)?
3, 7
Let b = 445 + 384. What are the prime factors of b?
829
Suppose 48 = -7*n - n. What are the prime factors of (-4 + 322/(-8))*16/n?
2, 59
What are the prime factors of 6/(-18) + 2 + (-20584)/(-12)?
17, 101
Suppose -73*d + 78*d - 3*m = 11112, 2*d - 4452 = 3*m. List the prime factors of d.
2, 3, 5, 37
Let m = -80 + 922. What are the prime factors of m?
2, 421
Suppose 54 = -m + 251. What are the prime factors of m?
197
Suppose -4*q + 0*q - 2*v + 18 = 0, 0 = q - v - 3. Let h be -3 + 61 - q/2. Suppose -3*l - r - 4*r + 116 = 0, 2*l = 2*r + h. What are the prime factors of l?
2
Suppose 2*j = 5*p + 8099, 3*j + 6*p - 12176 = 8*p. List the prime factors of j.
2, 3, 677
Let i = 119 - 286. Let o = i + 301. What are the prime factors of o?
2, 67
Let g = -26 - -31. Suppose 1 = -g*n - 9, -2*q - 174 = -2*n. Let l = -29 - q. List the prime factors of l.
2, 3, 5
Suppose 5 = 4*i - 3*i - 2*r, 3*r + 39 = 5*i. Suppose 2*u - 229 + i = 0. Suppose -u = -3*g + 43. List the prime factors of g.
3, 17
Suppose 5*w + 2313 = 2*a + 2*a, 3*w = -5*a + 2845. What are the prime factors of a?
2, 11, 13
Let y be (-6)/(-6)*-28*1. Let c = 30 + y. Let n = c + 4. What are the prime factors of n?
2, 3
Let o be (-158 - (-2)/(-2))*136/(-204). Let q = o - 24. List the prime factors of q.
2, 41
Suppose 3*h - 6*h - 3 = 0, -5*b = -h - 4391. What are the prime factors of b?
2, 439
Suppose 483 = -4*m + m. Let f = 123 - m. List the prime factors of f.
2, 71
Let l(h) be the first derivative of h**2/2 - 4*h + 5. Let u be l(-11). Let w = u - -22. What are the prime factors of w?
7
Suppose 22 - 32 = -2*j. Suppose -4*f + 248 = -4*w, 0*f + 2*w = -j*f + 303. What are the prime factors of f?
61
Suppose 0 = 2*g + 4*g + 60. Let t(u) = -1 + 6*u + 11*u**2 - 1 + u**3 + u. What are the prime factors of t(g)?
2, 7
Suppose -481*z + 488*z - 609 = 0. What are the prime factors of z?
3, 29
Suppose -3*k = -4*k + 19. Suppose 4*d - 21 = 2*d - 3*s, -4*d - 4*s = -32. Suppose -n - 3*b = -k, 0*n + 149 = 5*n - d*b. What ar